{"id":2,"date":"2025-05-24T17:12:53","date_gmt":"2025-05-24T17:12:53","guid":{"rendered":"https:\/\/appla.ca\/?page_id=2"},"modified":"2025-09-14T14:30:01","modified_gmt":"2025-09-14T14:30:01","slug":"sample-page","status":"publish","type":"page","link":"https:\/\/appla.ca\/","title":{"rendered":"Bienvenue chez APPLA.CA"},"content":{"rendered":"\n<p>Bienvenue sur le site de l\u2019association des propri\u00e9taires pour la protection du lac de l\u2019Argile, situ\u00e9 \u00e0 Val-des-Bois, Qu\u00e9bec! Le Lac de l\u2019Argile, pour plusieurs riverains et plaisanciers, est le meilleur lac de la r\u00e9gion pour la baignade, la p\u00eache, la voile, etc. Mais, comme plusieurs lacs au Qu\u00e9bec, notre lac a besoin de notre aide pour contrer les esp\u00e8ces aquatiques envahissantes afin de garder un beau lac en bonne sant\u00e9.<\/p>\n\n\n\n<p>Notre association, l\u2019APPLA, est un organisme \u00e0 but non lucratif qui a comme mandat de promouvoir les principes de d\u00e9veloppement durable et de la protection du lac de l\u2019Argile. Le conseil administratif, qui se compose de cinq b\u00e9n\u00e9voles, a le mandat de repr\u00e9senter les riverains.<\/p>\n\n\n\n<p>Son objectif est de travailler avec les municipalit\u00e9s de Val-des-Bois et Notre-Dame-de-la-Salette, le camping Royal Papineau, le Cobali de m\u00eame que les diff\u00e9rents gouvernements ( provincial et f\u00e9d\u00e9ral) pour mettre en place des programmes qui prot\u00e9geront notre lac pour plusieurs ann\u00e9es \u00e0 venir.<\/p>\n\n\n\n<figure class=\"wp-block-image size-large\"><img loading=\"lazy\" decoding=\"async\" width=\"1024\" height=\"457\" src=\"https:\/\/appla.ca\/wp-content\/uploads\/2025\/05\/Appla-Logo-7x9-1-1024x457.png\" alt=\"\" class=\"wp-image-32\" srcset=\"https:\/\/appla.ca\/wp-content\/uploads\/2025\/05\/Appla-Logo-7x9-1-1024x457.png 1024w, https:\/\/appla.ca\/wp-content\/uploads\/2025\/05\/Appla-Logo-7x9-1-300x134.png 300w, https:\/\/appla.ca\/wp-content\/uploads\/2025\/05\/Appla-Logo-7x9-1-768x343.png 768w, https:\/\/appla.ca\/wp-content\/uploads\/2025\/05\/Appla-Logo-7x9-1.png 1071w\" sizes=\"auto, (max-width: 1024px) 100vw, 1024px\" \/><\/figure>\n","protected":false},"excerpt":{"rendered":"<p>Bienvenue sur le site de l\u2019association des propri\u00e9taires pour la protection du lac de l\u2019Argile, situ\u00e9 \u00e0 Val-des-Bois, Qu\u00e9bec! Le Lac de l\u2019Argile, pour plusieurs riverains et plaisanciers, est le meilleur lac de la r\u00e9gion pour la baignade, la p\u00eache, la voile, etc. Mais, comme plusieurs lacs au Qu\u00e9bec, notre lac a besoin de notre<a class=\"more-link\" href=\"https:\/\/appla.ca\/\">Continue reading <span class=\"screen-reader-text\">&#8220;Bienvenue chez APPLA.CA&#8221;<\/span><\/a><\/p>\n","protected":false},"author":1,"featured_media":0,"parent":0,"menu_order":0,"comment_status":"closed","ping_status":"open","template":"","meta":{"footnotes":""},"class_list":["post-2","page","type-page","status-publish","hentry","entry"],"_links":{"self":[{"href":"https:\/\/appla.ca\/index.php?rest_route=\/wp\/v2\/pages\/2","targetHints":{"allow":["GET"]}}],"collection":[{"href":"https:\/\/appla.ca\/index.php?rest_route=\/wp\/v2\/pages"}],"about":[{"href":"https:\/\/appla.ca\/index.php?rest_route=\/wp\/v2\/types\/page"}],"author":[{"embeddable":true,"href":"https:\/\/appla.ca\/index.php?rest_route=\/wp\/v2\/users\/1"}],"replies":[{"embeddable":true,"href":"https:\/\/appla.ca\/index.php?rest_route=%2Fwp%2Fv2%2Fcomments&post=2"}],"version-history":[{"count":5,"href":"https:\/\/appla.ca\/index.php?rest_route=\/wp\/v2\/pages\/2\/revisions"}],"predecessor-version":[{"id":85,"href":"https:\/\/appla.ca\/index.php?rest_route=\/wp\/v2\/pages\/2\/revisions\/85"}],"wp:attachment":[{"href":"https:\/\/appla.ca\/index.php?rest_route=%2Fwp%2Fv2%2Fmedia&parent=2"}],"curies":[{"name":"wp","href":"https:\/\/api.w.org\/{rel}","templated":true}]}}